{"id":4220,"date":"2024-10-02T11:17:24","date_gmt":"2024-10-02T09:17:24","guid":{"rendered":"http:\/\/127.0.0.1\/ima\/?page_id=4220"},"modified":"2025-08-22T22:14:43","modified_gmt":"2025-08-22T20:14:43","slug":"criteres-business-et-affaires","status":"publish","type":"page","link":"https:\/\/ivoiremuslimawards.com\/?page_id=4220","title":{"rendered":"Prix Business et Affaires"},"content":{"rendered":"<div data-colibri-id=\"4220-c1\" class=\"style-821 style-local-4220-c1 position-relative\">\n  <!---->\n  <div data-colibri-component=\"section\" data-colibri-id=\"4220-c2\" id=\"custom\" class=\"h-section h-section-global-spacing d-flex align-items-lg-center align-items-md-center align-items-center style-822 style-local-4220-c2 position-relative\">\n    <!---->\n    <!---->\n    <div class=\"h-section-grid-container h-section-boxed-container\">\n      <!---->\n      <div data-colibri-id=\"4220-c12\" class=\"h-row-container gutters-row-lg-2 gutters-row-md-2 gutters-row-0 gutters-row-v-lg-2 gutters-row-v-md-2 gutters-row-v-2 style-1105 style-local-4220-c12 position-relative\">\n        <!---->\n        <div class=\"h-row justify-content-lg-center justify-content-md-center justify-content-center align-items-lg-stretch align-items-md-stretch align-items-stretch gutters-col-lg-2 gutters-col-md-2 gutters-col-0 gutters-col-v-lg-2 gutters-col-v-md-2 gutters-col-v-2\">\n          <!---->\n          <div class=\"h-column h-column-container d-flex h-col-lg-auto h-col-md-auto h-col-auto style-1106-outer style-local-4220-c13-outer\">\n            <div data-colibri-id=\"4220-c13\" class=\"d-flex h-flex-basis h-column__inner h-px-lg-2 h-px-md-2 h-px-2 v-inner-lg-2 v-inner-md-2 v-inner-2 style-1106 style-local-4220-c13 position-relative\">\n              <!---->\n              <!---->\n              <div class=\"w-100 h-y-container h-column__content h-column__v-align flex-basis-100 align-self-lg-start align-self-md-start align-self-start\">\n                <!---->\n                <div data-colibri-id=\"4220-c14\" class=\"h-text h-text-component style-1107 style-local-4220-c14 position-relative h-element\">\n                  <!---->\n                  <!---->\n                  <div class=\"\">\n                    <p><span style=\"color: rgb(70, 112, 127); font-size: 20pt; font-family: &quot;Open Sans&quot;;\">Cette cat\u00e9gorie c\u00e9l\u00e8bre les entrepreneurs et acteurs \u00e9conomiques musulmans qui allient r\u00e9ussite, innovation et responsabilit\u00e9 sociale, tout en respectant les valeurs \u00e9thiques de l\u2019islam.&nbsp;<\/span><\/p>\n                    <p>\n                      <br>\n                    <\/p>\n                  <\/div>\n                <\/div>\n              <\/div>\n            <\/div>\n          <\/div>\n        <\/div>\n      <\/div>\n      <div data-colibri-id=\"4220-c9\" class=\"h-row-container gutters-row-lg-2 gutters-row-md-2 gutters-row-0 gutters-row-v-lg-2 gutters-row-v-md-2 gutters-row-v-2 style-1102 style-local-4220-c9 position-relative\">\n        <!---->\n        <div class=\"h-row justify-content-lg-center justify-content-md-center justify-content-center align-items-lg-stretch align-items-md-stretch align-items-stretch gutters-col-lg-2 gutters-col-md-2 gutters-col-0 gutters-col-v-lg-2 gutters-col-v-md-2 gutters-col-v-2\">\n          <!---->\n          <div class=\"h-column h-column-container d-flex h-col-lg-auto h-col-md-auto h-col-auto style-1103-outer style-local-4220-c10-outer\">\n            <div data-colibri-id=\"4220-c10\" class=\"d-flex h-flex-basis h-column__inner h-px-lg-2 h-px-md-2 h-px-2 v-inner-lg-2 v-inner-md-2 v-inner-2 style-1103 style-local-4220-c10 position-relative\">\n              <!---->\n              <!---->\n              <div class=\"w-100 h-y-container h-column__content h-column__v-align flex-basis-100 align-self-lg-start align-self-md-start align-self-start\">\n                <!---->\n                <div data-colibri-id=\"4220-c11\" class=\"h-global-transition-all h-heading style-1104 style-local-4220-c11 position-relative h-element\">\n                  <!---->\n                  <div class=\"h-heading__outer style-1104 style-local-4220-c11\">\n                    <!---->\n                    <!---->\n                    <h2 class=\"\"><span style=\"color: rgb(255, 212, 3);\">Peuvent postuler:<\/span><\/h2>\n                  <\/div>\n                <\/div>\n              <\/div>\n            <\/div>\n          <\/div>\n        <\/div>\n      <\/div>\n      <div data-colibri-id=\"4220-c6\" class=\"h-row-container gutters-row-lg-2 gutters-row-md-2 gutters-row-0 gutters-row-v-lg-2 gutters-row-v-md-2 gutters-row-v-2 style-823 style-local-4220-c6 position-relative\">\n        <!---->\n        <div class=\"h-row justify-content-lg-center justify-content-md-center justify-content-center align-items-lg-stretch align-items-md-stretch align-items-stretch gutters-col-lg-2 gutters-col-md-2 gutters-col-0 gutters-col-v-lg-2 gutters-col-v-md-2 gutters-col-v-2\">\n          <!---->\n          <div class=\"h-column h-column-container d-flex h-col-lg-auto h-col-md-auto h-col-auto style-824-outer style-local-4220-c7-outer\">\n            <div data-colibri-id=\"4220-c7\" class=\"d-flex h-flex-basis h-column__inner h-px-lg-2 h-px-md-2 h-px-2 v-inner-lg-2 v-inner-md-2 v-inner-2 style-824 style-local-4220-c7 position-relative\">\n              <!---->\n              <!---->\n              <div class=\"w-100 h-y-container h-column__content h-column__v-align flex-basis-100 align-self-lg-start align-self-md-start align-self-start\">\n                <!---->\n                <div data-colibri-id=\"4220-c8\" class=\"h-text h-text-component style-825 style-local-4220-c8 position-relative h-element\">\n                  <!---->\n                  <!---->\n                  <div class=\"\">\n                    <p><span style=\"font-family: &quot;Open Sans&quot;; color: rgb(70, 112, 127);\">\u25cf&nbsp;&nbsp;&nbsp;&nbsp;&nbsp;&nbsp;&nbsp;<\/span><span style=\"font-family: &quot;Open Sans&quot;; font-size: 20pt; color: rgb(70, 112, 127);\">Entrepreneurs musulmans \u00e0 fort impact, ayant d\u00e9velopp\u00e9 des entreprises prosp\u00e8res cr\u00e9atrices d\u2019emplois, de valeur ajout\u00e9e ou d\u2019innovation sur leur march\u00e9&nbsp;;<\/span><\/p>\n                    <p><span style=\"font-weight: 400; font-family: &quot;Open Sans&quot;; font-size: 24px; color: rgb(70, 112, 127);\">\u25cf&nbsp;&nbsp;&nbsp;&nbsp;&nbsp;&nbsp;&nbsp;<\/span><span style=\"font-family: &quot;Open Sans&quot;; font-size: 20pt; color: rgb(70, 112, 127);\">Startups dirig\u00e9es par des jeunes ou des femmes musulmanes, reconnu(e)s pour leur potentiel de croissance, leur cr\u00e9ativit\u00e9 ou leur engagement dans la tech, l\u2019agroalimentaire, les services, etc&nbsp;;<\/span><\/p>\n                    <p><span style=\"font-weight: 400; font-family: &quot;Open Sans&quot;; font-size: 24px; color: rgb(70, 112, 127);\">\u25cf&nbsp;&nbsp;&nbsp;&nbsp;&nbsp;&nbsp;&nbsp;<\/span><span style=\"font-family: &quot;Open Sans&quot;; font-size: 20pt; color: rgb(70, 112, 127);\">Projets relevant du commerce \u00e9quitable ou de la finance islamique, favorisant une \u00e9conomie \u00e9thique, inclusive et solidaire&nbsp;;<\/span><\/p>\n                    <p><span style=\"font-weight: 400; font-family: &quot;Open Sans&quot;; font-size: 24px; color: rgb(70, 112, 127);\">\u25cf&nbsp;&nbsp;&nbsp;&nbsp;&nbsp;&nbsp;&nbsp;<\/span><span style=\"font-family: &quot;Open Sans&quot;; font-size: 20pt; color: rgb(70, 112, 127);\">Structures de soutien \u00e9conomique communautaire, telles que les incubateurs, les r\u00e9seaux de mentorat, ou associations d\u2019appui \u00e0 l\u2019entrepreneuriat local.<\/span><\/p>\n                  <\/div>\n                <\/div>\n              <\/div>\n            <\/div>\n          <\/div>\n        <\/div>\n      <\/div>\n    <\/div>\n  <\/div>\n<\/div>","protected":false},"excerpt":{"rendered":"<p>Cette cat\u00e9gorie c\u00e9l\u00e8bre les entrepreneurs et acteurs \u00e9conomiques musulmans qui allient r\u00e9ussite, innovation et responsabilit\u00e9 sociale, tout en respectant les valeurs \u00e9thiques de l\u2019islam.&nbsp; Peuvent postuler: \u25cf&nbsp;&nbsp;&nbsp;&nbsp;&nbsp;&nbsp;&nbsp;Entrepreneurs musulmans \u00e0 fort impact, ayant d\u00e9velopp\u00e9 des entreprises prosp\u00e8res cr\u00e9atrices d\u2019emplois, de valeur ajout\u00e9e ou d\u2019innovation sur leur march\u00e9&nbsp;; \u25cf&nbsp;&nbsp;&nbsp;&nbsp;&nbsp;&nbsp;&nbsp;Startups dirig\u00e9es par des jeunes ou des femmes musulmanes, [&hellip;]<\/p>\n","protected":false},"author":1,"featured_media":0,"parent":0,"menu_order":0,"comment_status":"closed","ping_status":"closed","template":"page-templates\/full-width-page.php","meta":{"_uf_show_specific_survey":0,"_uf_disable_surveys":false,"footnotes":""},"class_list":["post-4220","page","type-page","status-publish","hentry"],"_links":{"self":[{"href":"https:\/\/ivoiremuslimawards.com\/index.php?rest_route=\/wp\/v2\/pages\/4220","targetHints":{"allow":["GET"]}}],"collection":[{"href":"https:\/\/ivoiremuslimawards.com\/index.php?rest_route=\/wp\/v2\/pages"}],"about":[{"href":"https:\/\/ivoiremuslimawards.com\/index.php?rest_route=\/wp\/v2\/types\/page"}],"author":[{"embeddable":true,"href":"https:\/\/ivoiremuslimawards.com\/index.php?rest_route=\/wp\/v2\/users\/1"}],"replies":[{"embeddable":true,"href":"https:\/\/ivoiremuslimawards.com\/index.php?rest_route=%2Fwp%2Fv2%2Fcomments&post=4220"}],"version-history":[{"count":8,"href":"https:\/\/ivoiremuslimawards.com\/index.php?rest_route=\/wp\/v2\/pages\/4220\/revisions"}],"predecessor-version":[{"id":4874,"href":"https:\/\/ivoiremuslimawards.com\/index.php?rest_route=\/wp\/v2\/pages\/4220\/revisions\/4874"}],"wp:attachment":[{"href":"https:\/\/ivoiremuslimawards.com\/index.php?rest_route=%2Fwp%2Fv2%2Fmedia&parent=4220"}],"curies":[{"name":"wp","href":"https:\/\/api.w.org\/{rel}","templated":true}]}}